190.109.67.22 - - [01/Jul/2026:02:24:22 -0400] "GET /sitemap.xml HTTP/1.1" 428 11490 "-" "Mozilla/5.0 (Windows NT 10.0; Win64; x64) AppleWebKit/537.36 (KHTML, like Gecko) Chrome/135.0.0.0 Safari/537.36"
47.81.15.95 - - [01/Jul/2026:02:24:23 -0400] "GET /docker-compose.yaml HTTP/1.1" 428 11506 "-" "Mozilla/5.0 (Windows NT 10.0; Win64; x64) AppleWebKit/537.36 (KHTML, like Gecko) Chrome/136.0.0.0 Safari/537.36 (Silvy X Ran)"
190.109.67.22 - - [01/Jul/2026:02:24:25 -0400] "GET /sitemap.xml HTTP/1.1" 428 11482 "https://www.google.com/search?q=select.chemdry.ca.50-6-195-38.cpanel.site" "Mozilla/5.0 (Macintosh; Intel Mac OS X 10_15_7) AppleWebKit/537.36 (KHTML, like Gecko) Chrome/135.0.0.0 Safari/537.36"
190.109.67.22 - - [01/Jul/2026:02:24:25 -0400] "GET /sitemap_index.xml HTTP/1.1" 428 11502 "https://www.google.com/search?q=www.select.chemdry.ca.50-6-195-38.cpanel.site" "Mozilla/5.0 (Macintosh; Intel Mac OS X 10_15_7) AppleWebKit/537.36 (KHTML, like Gecko) Chrome/135.0.0.0 Safari/537.36"
47.81.15.95 - - [01/Jul/2026:02:24:25 -0400] "GET /docker-compose.override.yml HTTP/1.1" 428 11522 "-" "Mozilla/5.0 (Windows NT 10.0; Win64; x64) AppleWebKit/537.36 (KHTML, like Gecko) Chrome/136.0.0.0 Safari/537.36 (Silvy X Ran)"
190.109.67.22 - - [01/Jul/2026:02:24:27 -0400] "GET /sitemap_index.xml HTTP/1.1" 428 11494 "-" "Mozilla/5.0 (Macintosh; Intel Mac OS X 10_15_7) AppleWebKit/537.36 (KHTML, like Gecko) Chrome/135.0.0.0 Safari/537.36"
190.109.67.22 - - [01/Jul/2026:02:24:27 -0400] "GET /sitemap-index.xml HTTP/1.1" 404 - "https://www.google.com/search?q=www.select.chemdry.ca.50-6-195-38.cpanel.site" "Mozilla/5.0 AppleWebKit/537.36 (KHTML, like Gecko; compatible; ChatGPT-User/1.0; +https://openai.com/bot)"
47.81.15.95 - - [01/Jul/2026:02:24:28 -0400] "GET /docker-compose.dev.yml HTTP/1.1" 428 11512 "-" "Mozilla/5.0 (Windows NT 10.0; Win64; x64) AppleWebKit/537.36 (KHTML, like Gecko) Chrome/136.0.0.0 Safari/537.36 (Silvy X Ran)"
190.109.67.22 - - [01/Jul/2026:02:24:29 -0400] "GET /sitemap-index.xml HTTP/1.1" 428 11494 "-" "Mozilla/5.0 (Windows NT 10.0; Win64; x64) AppleWebKit/537.36 (KHTML, like Gecko) Chrome/135.0.0.0 Safari/537.36"
190.109.67.22 - - [01/Jul/2026:02:24:29 -0400] "HEAD /.env.local HTTP/1.1" 428 - "https://www.google.com/search?q=www.select.chemdry.ca.50-6-195-38.cpanel.site" "Mozilla/5.0 (Macintosh; Intel Mac OS X 10_15_7) AppleWebKit/537.36 (KHTML, like Gecko) Chrome/135.0.0.0 Safari/537.36"
190.109.67.22 - - [01/Jul/2026:02:24:29 -0400] "HEAD /.env HTTP/1.1" 428 - "-" "Mozilla/5.0 (Macintosh; Intel Mac OS X 14_5) AppleWebKit/605.1.15 (KHTML, like Gecko) Version/18.4 Safari/605.1.15"
190.109.67.22 - - [01/Jul/2026:02:24:30 -0400] "GET /.env.local HTTP/1.1" 428 11488 "https://www.google.com/search?q=www.select.chemdry.ca.50-6-195-38.cpanel.site" "Mozilla/5.0 (Macintosh; Intel Mac OS X 10_15_7) AppleWebKit/537.36 (KHTML, like Gecko) Chrome/135.0.0.0 Safari/537.36"
190.109.67.22 - - [01/Jul/2026:02:24:30 -0400] "GET /.env HTTP/1.1" 404 - "-" "Mozilla/5.0 AppleWebKit/537.36 (KHTML, like Gecko; compatible; ChatGPT-User/1.0; +https://openai.com/bot)"
190.109.67.22 - - [01/Jul/2026:02:24:30 -0400] "HEAD /.env HTTP/1.1" 428 - "https://www.google.com/search?q=select.chemdry.ca.50-6-195-38.cpanel.site" "Mozilla/5.0 (Macintosh; Intel Mac OS X 10_15_7) AppleWebKit/537.36 (KHTML, like Gecko) Chrome/135.0.0.0 Safari/537.36"
190.109.67.22 - - [01/Jul/2026:02:24:30 -0400] "HEAD /.env.local HTTP/1.1" 428 - "https://www.google.com/search?q=select.chemdry.ca.50-6-195-38.cpanel.site" "Mozilla/5.0 (Windows NT 10.0; Win64; x64) AppleWebKit/537.36 (KHTML, like Gecko) Chrome/135.0.0.0 Safari/537.36"
190.109.67.22 - - [01/Jul/2026:02:24:31 -0400] "HEAD /.env.production HTTP/1.1" 404 - "-" "Mozilla/5.0 (compatible; Googlebot/2.1; +http://www.google.com/bot.html)"
190.109.67.22 - - [01/Jul/2026:02:24:31 -0400] "GET /.env.local HTTP/1.1" 428 11480 "-" "Mozilla/5.0 (Windows NT 10.0; Win64; x64; rv:137.0) Gecko/20100101 Firefox/137.0"
190.109.67.22 - - [01/Jul/2026:02:24:31 -0400] "GET /.env HTTP/1.1" 428 11468 "https://www.google.com/search?q=select.chemdry.ca.50-6-195-38.cpanel.site" "Mozilla/5.0 (Linux; Android 14; Pixel 8) AppleWebKit/537.36 (KHTML, like Gecko) Chrome/135.0.6422.113 Mobile Safari/537.36"
190.109.67.22 - - [01/Jul/2026:02:24:31 -0400] "HEAD /.env.backup HTTP/1.1" 404 - "-" "Mozilla/5.0 AppleWebKit/537.36 (KHTML, like Gecko; compatible; ChatGPT-User/1.0; +https://openai.com/bot)"
47.81.15.95 - - [01/Jul/2026:02:24:31 -0400] "GET /docker-compose.prod.yml HTTP/1.1" 428 11514 "-" "Mozilla/5.0 (Windows NT 10.0; Win64; x64) AppleWebKit/537.36 (KHTML, like Gecko) Chrome/136.0.0.0 Safari/537.36 (Silvy X Ran)"
190.109.67.22 - - [01/Jul/2026:02:24:31 -0400] "HEAD /.git/config HTTP/1.1" 428 - "-" "Mozilla/5.0 (Macintosh; Intel Mac OS X 14_5) AppleWebKit/605.1.15 (KHTML, like Gecko) Version/18.4 Safari/605.1.15"
65.21.124.77 - - [01/Jul/2026:02:24:32 -0400] "GET / HTTP/1.1" 428 11460 "-" "Mozilla/5.0 (Windows NT 10.0; Win64; x64) AppleWebKit/537.36 (KHTML, like Gecko) Chrome/124.0.0.0 Safari/537.36"
65.21.124.77 - - [01/Jul/2026:02:24:32 -0400] "GET / HTTP/1.1" 428 11468 "-" "Mozilla/5.0 (Windows NT 10.0; Win64; x64) AppleWebKit/537.36 (KHTML, like Gecko) Chrome/124.0.0.0 Safari/537.36"
190.109.67.22 - - [01/Jul/2026:02:24:32 -0400] "HEAD /.git/HEAD HTTP/1.1" 428 - "-" "Mozilla/5.0 (Macintosh; Intel Mac OS X 14_5) AppleWebKit/605.1.15 (KHTML, like Gecko) Version/18.4 Safari/605.1.15"
190.109.67.22 - - [01/Jul/2026:02:24:32 -0400] "HEAD /.env.production HTTP/1.1" 428 - "-" "Mozilla/5.0 (Windows NT 10.0; Win64; x64) AppleWebKit/537.36 (KHTML, like Gecko) Chrome/135.0.0.0 Safari/537.36"
190.109.67.22 - - [01/Jul/2026:02:24:32 -0400] "HEAD /.env.backup HTTP/1.1" 428 - "https://www.google.com/search?q=select.chemdry.ca.50-6-195-38.cpanel.site" "Mozilla/5.0 (Linux; Android 14; Pixel 8) AppleWebKit/537.36 (KHTML, like Gecko) Chrome/135.0.6422.113 Mobile Safari/537.36"
190.109.67.22 - - [01/Jul/2026:02:24:32 -0400] "GET /.git/config HTTP/1.1" 428 11490 "-" "Mozilla/5.0 (Macintosh; Intel Mac OS X 10_15_7) AppleWebKit/537.36 (KHTML, like Gecko) Chrome/135.0.0.0 Safari/537.36"
190.109.67.22 - - [01/Jul/2026:02:24:33 -0400] "GET /.git/HEAD HTTP/1.1" 404 - "https://www.google.com/search?q=www.select.chemdry.ca.50-6-195-38.cpanel.site" "Mozilla/5.0 AppleWebKit/537.36 (KHTML, like Gecko; compatible; ChatGPT-User/1.0; +https://openai.com/bot)"
190.109.67.22 - - [01/Jul/2026:02:24:33 -0400] "GET /.env.backup HTTP/1.1" 428 11482 "https://www.google.com/search?q=select.chemdry.ca.50-6-195-38.cpanel.site" "Mozilla/5.0 (Windows NT 10.0; Win64; x64; rv:137.0) Gecko/20100101 Firefox/137.0"
190.109.67.22 - - [01/Jul/2026:02:24:33 -0400] "GET /.env.production HTTP/1.1" 428 11490 "https://www.google.com/search?q=select.chemdry.ca.50-6-195-38.cpanel.site" "Mozilla/5.0 (Macintosh; Intel Mac OS X 10_15_7) AppleWebKit/537.36 (KHTML, like Gecko) Chrome/135.0.0.0 Safari/537.36"
190.109.67.22 - - [01/Jul/2026:02:24:33 -0400] "HEAD /.dev.vars HTTP/1.1" 404 - "-" "Mozilla/5.0 (compatible; Googlebot/2.1; +http://www.google.com/bot.html)"
47.81.15.95 - - [01/Jul/2026:02:24:34 -0400] "GET /config.js HTTP/1.1" 428 11486 "-" "Mozilla/5.0 (Windows NT 10.0; Win64; x64) AppleWebKit/537.36 (KHTML, like Gecko) Chrome/136.0.0.0 Safari/537.36 (Silvy X Ran)"
190.109.67.22 - - [01/Jul/2026:02:24:36 -0400] "HEAD /.aws/credentials HTTP/1.1" 428 - "https://www.google.com/search?q=www.select.chemdry.ca.50-6-195-38.cpanel.site" "Mozilla/5.0 (Linux; Android 14; Pixel 8) AppleWebKit/537.36 (KHTML, like Gecko) Chrome/135.0.6422.113 Mobile Safari/537.36"
190.109.67.22 - - [01/Jul/2026:02:24:36 -0400] "HEAD /config.json HTTP/1.1" 428 - "-" "Mozilla/5.0 (Macintosh; Intel Mac OS X 10_15_7) AppleWebKit/537.36 (KHTML, like Gecko) Chrome/135.0.0.0 Safari/537.36"
190.109.67.22 - - [01/Jul/2026:02:24:36 -0400] "HEAD /.git/config HTTP/1.1" 428 - "https://www.google.com/search?q=select.chemdry.ca.50-6-195-38.cpanel.site" "Mozilla/5.0 (Macintosh; Intel Mac OS X 14_5) AppleWebKit/605.1.15 (KHTML, like Gecko) Version/18.4 Safari/605.1.15"
190.109.67.22 - - [01/Jul/2026:02:24:36 -0400] "HEAD /.git/HEAD HTTP/1.1" 404 - "-" "Mozilla/5.0 AppleWebKit/537.36 (KHTML, like Gecko; compatible; ChatGPT-User/1.0; +https://openai.com/bot)"
47.81.15.95 - - [01/Jul/2026:02:24:36 -0400] "GET /config.json HTTP/1.1" 428 11490 "-" "Mozilla/5.0 (Windows NT 10.0; Win64; x64) AppleWebKit/537.36 (KHTML, like Gecko) Chrome/136.0.0.0 Safari/537.36 (Silvy X Ran)"
51.89.167.1 - - [01/Jul/2026:02:22:49 -0400] "GET /Old_Site_Backup.zip HTTP/1.1" 200 43490530 "-" "Go-http-client/1.1"
47.81.15.95 - - [01/Jul/2026:02:24:39 -0400] "GET /settings.js HTTP/1.1" 428 11490 "-" "Mozilla/5.0 (Windows NT 10.0; Win64; x64) AppleWebKit/537.36 (KHTML, like Gecko) Chrome/136.0.0.0 Safari/537.36 (Silvy X Ran)"
190.109.67.22 - - [01/Jul/2026:02:24:39 -0400] "GET /.aws/credentials HTTP/1.1" 404 - "-" "Mozilla/5.0 AppleWebKit/537.36 (KHTML, like Gecko; compatible; ChatGPT-User/1.0; +https://openai.com/bot)"
190.109.67.22 - - [01/Jul/2026:02:24:39 -0400] "GET /config.json HTTP/1.1" 428 11490 "-" "Mozilla/5.0 (Macintosh; Intel Mac OS X 14_5) AppleWebKit/605.1.15 (KHTML, like Gecko) Version/18.4 Safari/605.1.15"
190.109.67.22 - - [01/Jul/2026:02:24:39 -0400] "GET /.git/config HTTP/1.1" 428 11482 "https://www.google.com/search?q=select.chemdry.ca.50-6-195-38.cpanel.site" "Mozilla/5.0 (Macintosh; Intel Mac OS X 14_5) AppleWebKit/605.1.15 (KHTML, like Gecko) Version/18.4 Safari/605.1.15"
190.109.67.22 - - [01/Jul/2026:02:24:39 -0400] "HEAD /.dev.vars HTTP/1.1" 404 - "https://www.google.com/search?q=select.chemdry.ca.50-6-195-38.cpanel.site" "Mozilla/5.0 (compatible; Googlebot/2.1; +http://www.google.com/bot.html)"
51.89.167.1 - - [01/Jul/2026:02:22:48 -0400] "GET /Old_Site_Backup.zip HTTP/1.1" 200 43490530 "-" "Go-http-client/1.1"
190.109.67.22 - - [01/Jul/2026:02:24:42 -0400] "HEAD /config.json HTTP/1.1" 428 - "-" "Mozilla/5.0 (Macintosh; Intel Mac OS X 14_5) AppleWebKit/605.1.15 (KHTML, like Gecko) Version/18.4 Safari/605.1.15"
190.109.67.22 - - [01/Jul/2026:02:24:42 -0400] "HEAD /.aws/credentials HTTP/1.1" 428 - "-" "Mozilla/5.0 (Macintosh; Intel Mac OS X 14_5) AppleWebKit/605.1.15 (KHTML, like Gecko) Version/18.4 Safari/605.1.15"
190.109.67.22 - - [01/Jul/2026:02:24:42 -0400] "HEAD /secrets.json HTTP/1.1" 404 - "-" "Mozilla/5.0 AppleWebKit/537.36 (KHTML, like Gecko; compatible; ChatGPT-User/1.0; +https://openai.com/bot)"
190.109.67.22 - - [01/Jul/2026:02:24:42 -0400] "HEAD /wp-config.php.bak HTTP/1.1" 428 - "https://www.google.com/search?q=www.select.chemdry.ca.50-6-195-38.cpanel.site" "Mozilla/5.0 (Macintosh; Intel Mac OS X 14_5) AppleWebKit/605.1.15 (KHTML, like Gecko) Version/18.4 Safari/605.1.15"
190.109.67.22 - - [01/Jul/2026:02:24:42 -0400] "GET /config.json HTTP/1.1" 404 - "https://www.google.com/search?q=select.chemdry.ca.50-6-195-38.cpanel.site" "Mozilla/5.0 AppleWebKit/537.36 (KHTML, like Gecko; compatible; ChatGPT-User/1.0; +https://openai.com/bot)"
47.81.15.95 - - [01/Jul/2026:02:24:43 -0400] "GET /settings.json HTTP/1.1" 428 11494 "-" "Mozilla/5.0 (Windows NT 10.0; Win64; x64) AppleWebKit/537.36 (KHTML, like Gecko) Chrome/136.0.0.0 Safari/537.36 (Silvy X Ran)"
190.109.67.22 - - [01/Jul/2026:02:24:45 -0400] "GET /.aws/credentials HTTP/1.1" 428 11492 "-" "Mozilla/5.0 (Windows NT 10.0; Win64; x64) AppleWebKit/537.36 (KHTML, like Gecko) Chrome/135.0.0.0 Safari/537.36"
190.109.67.22 - - [01/Jul/2026:02:24:45 -0400] "GET /wp-config.php.bak HTTP/1.1" 428 11502 "-" "Mozilla/5.0 (Macintosh; Intel Mac OS X 10_15_7) AppleWebKit/537.36 (KHTML, like Gecko) Chrome/135.0.0.0 Safari/537.36"
190.109.67.22 - - [01/Jul/2026:02:24:47 -0400] "GET /wp-config.php HTTP/1.1" 428 11494 "https://www.google.com/search?q=www.select.chemdry.ca.50-6-195-38.cpanel.site" "Mozilla/5.0 (Linux; Android 14; Pixel 8) AppleWebKit/537.36 (KHTML, like Gecko) Chrome/135.0.6422.113 Mobile Safari/537.36"
47.81.15.95 - - [01/Jul/2026:02:24:47 -0400] "GET /secrets.json HTTP/1.1" 428 11492 "-" "Mozilla/5.0 (Windows NT 10.0; Win64; x64) AppleWebKit/537.36 (KHTML, like Gecko) Chrome/136.0.0.0 Safari/537.36 (Silvy X Ran)"
190.109.67.22 - - [01/Jul/2026:02:24:47 -0400] "HEAD /.env.production.local HTTP/1.1" 428 - "https://www.google.com/search?q=www.select.chemdry.ca.50-6-195-38.cpanel.site" "Mozilla/5.0 (Windows NT 10.0; Win64; x64; rv:137.0) Gecko/20100101 Firefox/137.0"
190.109.67.22 - - [01/Jul/2026:02:24:47 -0400] "HEAD /wp-config.php.bak HTTP/1.1" 428 - "-" "Mozilla/5.0 (Windows NT 10.0; Win64; x64; rv:137.0) Gecko/20100101 Firefox/137.0"
190.109.67.22 - - [01/Jul/2026:02:24:47 -0400] "GET /secrets.json HTTP/1.1" 428 11484 "https://www.google.com/search?q=select.chemdry.ca.50-6-195-38.cpanel.site" "Mozilla/5.0 (Linux; Android 14; Pixel 8) AppleWebKit/537.36 (KHTML, like Gecko) Chrome/135.0.6422.113 Mobile Safari/537.36"
190.109.67.22 - - [01/Jul/2026:02:24:48 -0400] "HEAD /.env.development.local HTTP/1.1" 428 - "https://www.google.com/search?q=www.select.chemdry.ca.50-6-195-38.cpanel.site" "Mozilla/5.0 (Macintosh; Intel Mac OS X 14_5) AppleWebKit/605.1.15 (KHTML, like Gecko) Version/18.4 Safari/605.1.15"
190.109.67.22 - - [01/Jul/2026:02:24:48 -0400] "GET /.env.production.local HTTP/1.1" 404 - "https://www.google.com/search?q=www.select.chemdry.ca.50-6-195-38.cpanel.site" "Mozilla/5.0 (compatible; Googlebot/2.1; +http://www.google.com/bot.html)"
190.109.67.22 - - [01/Jul/2026:02:24:48 -0400] "GET /wp-config.php.bak HTTP/1.1" 428 11494 "https://www.google.com/search?q=select.chemdry.ca.50-6-195-38.cpanel.site" "Mozilla/5.0 (Windows NT 10.0; Win64; x64) AppleWebKit/537.36 (KHTML, like Gecko) Chrome/135.0.0.0 Safari/537.36"
190.109.67.22 - - [01/Jul/2026:02:24:48 -0400] "HEAD /wp-config.php HTTP/1.1" 404 - "-" "Mozilla/5.0 (compatible; Googlebot/2.1; +http://www.google.com/bot.html)"
190.109.67.22 - - [01/Jul/2026:02:24:48 -0400] "GET /.env.development.local HTTP/1.1" 428 11512 "-" "Mozilla/5.0 (Linux; Android 14; Pixel 8) AppleWebKit/537.36 (KHTML, like Gecko) Chrome/135.0.6422.113 Mobile Safari/537.36"
190.109.67.22 - - [01/Jul/2026:02:24:48 -0400] "HEAD /.env.sample HTTP/1.1" 428 - "https://www.google.com/search?q=www.select.chemdry.ca.50-6-195-38.cpanel.site" "Mozilla/5.0 (Macintosh; Intel Mac OS X 10_15_7) AppleWebKit/537.36 (KHTML, like Gecko) Chrome/135.0.0.0 Safari/537.36"
190.109.67.22 - - [01/Jul/2026:02:24:49 -0400] "HEAD /.env.production.local HTTP/1.1" 428 - "-" "Mozilla/5.0 (Linux; Android 14; Pixel 8) AppleWebKit/537.36 (KHTML, like Gecko) Chrome/135.0.6422.113 Mobile Safari/537.36"
190.109.67.22 - - [01/Jul/2026:02:24:49 -0400] "HEAD /.env.development.local HTTP/1.1" 428 - "https://www.google.com/search?q=select.chemdry.ca.50-6-195-38.cpanel.site" "Mozilla/5.0 (Linux; Android 14; Pixel 8) AppleWebKit/537.36 (KHTML, like Gecko) Chrome/135.0.6422.113 Mobile Safari/537.36"
190.109.67.22 - - [01/Jul/2026:02:24:49 -0400] "HEAD /.env.test HTTP/1.1" 428 - "-" "Mozilla/5.0 (Macintosh; Intel Mac OS X 10_15_7) AppleWebKit/537.36 (KHTML, like Gecko) Chrome/135.0.0.0 Safari/537.36"
190.109.67.22 - - [01/Jul/2026:02:24:49 -0400] "GET /.env.sample HTTP/1.1" 428 11490 "https://www.google.com/search?q=www.select.chemdry.ca.50-6-195-38.cpanel.site" "Mozilla/5.0 (Windows NT 10.0; Win64; x64; rv:137.0) Gecko/20100101 Firefox/137.0"
190.109.67.22 - - [01/Jul/2026:02:24:49 -0400] "GET /.env.production.local HTTP/1.1" 404 - "-" "Mozilla/5.0 AppleWebKit/537.36 (KHTML, like Gecko; compatible; ChatGPT-User/1.0; +https://openai.com/bot)"
190.109.67.22 - - [01/Jul/2026:02:24:49 -0400] "GET /.env.development.local HTTP/1.1" 404 - "-" "Mozilla/5.0 AppleWebKit/537.36 (KHTML, like Gecko; compatible; ChatGPT-User/1.0; +https://openai.com/bot)"
51.89.167.1 - - [01/Jul/2026:02:24:49 -0400] "HEAD /license.txt HTTP/1.1" 200 - "-" "Go-http-client/1.1"
190.109.67.22 - - [01/Jul/2026:02:24:49 -0400] "GET /.env.test HTTP/1.1" 428 11486 "https://www.google.com/search?q=www.select.chemdry.ca.50-6-195-38.cpanel.site" "Mozilla/5.0 (Windows NT 10.0; Win64; x64) AppleWebKit/537.36 (KHTML, like Gecko) Chrome/135.0.0.0 Safari/537.36"
51.89.167.1 - - [01/Jul/2026:02:24:49 -0400] "GET /license.txt HTTP/1.1" 200 19935 "-" "Go-http-client/1.1"
51.89.167.1 - - [01/Jul/2026:02:24:50 -0400] "HEAD /license.txt HTTP/1.1" 200 - "-" "Go-http-client/1.1"
190.109.67.22 - - [01/Jul/2026:02:24:50 -0400] "HEAD /.env.sample HTTP/1.1" 428 - "https://www.google.com/search?q=select.chemdry.ca.50-6-195-38.cpanel.site" "Mozilla/5.0 (Macintosh; Intel Mac OS X 14_5) AppleWebKit/605.1.15 (KHTML, like Gecko) Version/18.4 Safari/605.1.15"
190.109.67.22 - - [01/Jul/2026:02:24:50 -0400] "HEAD /.env.save HTTP/1.1" 428 - "-" "Mozilla/5.0 (Windows NT 10.0; Win64; x64; rv:137.0) Gecko/20100101 Firefox/137.0"
51.89.167.1 - - [01/Jul/2026:02:24:50 -0400] "GET /license.txt HTTP/1.1" 200 19935 "-" "Go-http-client/1.1"
51.89.167.1 - - [01/Jul/2026:02:24:50 -0400] "HEAD /locations.kml HTTP/1.1" 200 - "-" "Go-http-client/1.1"
190.109.67.22 - - [01/Jul/2026:02:24:50 -0400] "HEAD /.env.test HTTP/1.1" 404 - "https://www.google.com/search?q=select.chemdry.ca.50-6-195-38.cpanel.site" "Mozilla/5.0 (compatible; Googlebot/2.1; +http://www.google.com/bot.html)"
51.89.167.1 - - [01/Jul/2026:02:24:50 -0400] "GET /locations.kml HTTP/1.1" 200 813 "-" "Go-http-client/1.1"
51.89.167.1 - - [01/Jul/2026:02:24:50 -0400] "HEAD /locations.kml HTTP/1.1" 200 - "-" "Go-http-client/1.1"
190.109.67.22 - - [01/Jul/2026:02:24:50 -0400] "HEAD /.env.dist HTTP/1.1" 428 - "-" "Mozilla/5.0 (Macintosh; Intel Mac OS X 14_5) AppleWebKit/605.1.15 (KHTML, like Gecko) Version/18.4 Safari/605.1.15"
190.109.67.22 - - [01/Jul/2026:02:24:50 -0400] "GET /.env.sample HTTP/1.1" 428 11482 "https://www.google.com/search?q=select.chemdry.ca.50-6-195-38.cpanel.site" "Mozilla/5.0 (Macintosh; Intel Mac OS X 14_5) AppleWebKit/605.1.15 (KHTML, like Gecko) Version/18.4 Safari/605.1.15"
51.89.167.1 - - [01/Jul/2026:02:24:50 -0400] "GET /locations.kml HTTP/1.1" 200 813 "-" "Go-http-client/1.1"
190.109.67.22 - - [01/Jul/2026:02:24:50 -0400] "GET /.env.save HTTP/1.1" 428 11486 "-" "Mozilla/5.0 (Linux; Android 14; Pixel 8) AppleWebKit/537.36 (KHTML, like Gecko) Chrome/135.0.6422.113 Mobile Safari/537.36"
51.89.167.1 - - [01/Jul/2026:02:24:50 -0400] "HEAD /meta.txt HTTP/1.1" 200 - "-" "Go-http-client/1.1"
51.89.167.1 - - [01/Jul/2026:02:24:50 -0400] "GET /meta.txt HTTP/1.1" 200 136 "-" "Go-http-client/1.1"
51.89.167.1 - - [01/Jul/2026:02:24:50 -0400] "HEAD /meta.txt HTTP/1.1" 200 - "-" "Go-http-client/1.1"
190.109.67.22 - - [01/Jul/2026:02:24:50 -0400] "HEAD /.env.save HTTP/1.1" 428 - "https://www.google.com/search?q=select.chemdry.ca.50-6-195-38.cpanel.site" "Mozilla/5.0 (Windows NT 10.0; Win64; x64; rv:137.0) Gecko/20100101 Firefox/137.0"
51.89.167.1 - - [01/Jul/2026:02:24:50 -0400] "GET /meta.txt HTTP/1.1" 200 136 "-" "Go-http-client/1.1"
51.89.167.1 - - [01/Jul/2026:02:24:50 -0400] "HEAD /readme.07762128dcd751e5ae4f6f6fe059e070.html HTTP/1.1" 200 - "-" "Go-http-client/1.1"
51.89.167.1 - - [01/Jul/2026:02:24:51 -0400] "GET /readme.07762128dcd751e5ae4f6f6fe059e070.html HTTP/1.1" 200 7415 "-" "Go-http-client/1.1"
190.109.67.22 - - [01/Jul/2026:02:24:51 -0400] "GET /.env.dist HTTP/1.1" 428 11486 "-" "Mozilla/5.0 (Macintosh; Intel Mac OS X 14_5) AppleWebKit/605.1.15 (KHTML, like Gecko) Version/18.4 Safari/605.1.15"
51.89.167.1 - - [01/Jul/2026:02:24:51 -0400] "HEAD /readme.07762128dcd751e5ae4f6f6fe059e070.html HTTP/1.1" 200 - "-" "Go-http-client/1.1"
51.89.167.1 - - [01/Jul/2026:02:24:51 -0400] "GET /readme.07762128dcd751e5ae4f6f6fe059e070.html HTTP/1.1" 200 7415 "-" "Go-http-client/1.1"
190.109.67.22 - - [01/Jul/2026:02:24:51 -0400] "HEAD /.env.dist HTTP/1.1" 428 - "-" "Mozilla/5.0 (Macintosh; Intel Mac OS X 14_5) AppleWebKit/605.1.15 (KHTML, like Gecko) Version/18.4 Safari/605.1.15"
190.109.67.22 - - [01/Jul/2026:02:24:51 -0400] "HEAD /.env.old HTTP/1.1" 428 - "https://www.google.com/search?q=www.select.chemdry.ca.50-6-195-38.cpanel.site" "Mozilla/5.0 (Linux; Android 14; Pixel 8) AppleWebKit/537.36 (KHTML, like Gecko) Chrome/135.0.6422.113 Mobile Safari/537.36"
51.89.167.1 - - [01/Jul/2026:02:24:51 -0400] "HEAD /readme.html HTTP/1.1" 200 - "-" "Go-http-client/1.1"
190.109.67.22 - - [01/Jul/2026:02:24:51 -0400] "GET /.env.save HTTP/1.1" 428 11478 "https://www.google.com/search?q=select.chemdry.ca.50-6-195-38.cpanel.site" "Mozilla/5.0 (Windows NT 10.0; Win64; x64; rv:137.0) Gecko/20100101 Firefox/137.0"
51.89.167.1 - - [01/Jul/2026:02:24:51 -0400] "GET /readme.html HTTP/1.1" 200 7415 "-" "Go-http-client/1.1"
51.89.167.1 - - [01/Jul/2026:02:24:51 -0400] "HEAD /readme.html HTTP/1.1" 200 - "-" "Go-http-client/1.1"
51.89.167.1 - - [01/Jul/2026:02:24:51 -0400] "GET /readme.html HTTP/1.1" 200 7415 "-" "Go-http-client/1.1"
51.89.167.1 - - [01/Jul/2026:02:24:51 -0400] "HEAD /sitemap.xml HTTP/1.1" 200 - "-" "Go-http-client/1.1"
51.89.167.1 - - [01/Jul/2026:02:24:51 -0400] "GET /sitemap.xml HTTP/1.1" 200 372 "-" "Go-http-client/1.1"
190.109.67.22 - - [01/Jul/2026:02:24:51 -0400] "HEAD /api/runtime-config.json HTTP/1.1" 428 - "-" "Mozilla/5.0 (Macintosh; Intel Mac OS X 10_15_7) AppleWebKit/537.36 (KHTML, like Gecko) Chrome/135.0.0.0 Safari/537.36"
51.89.167.1 - - [01/Jul/2026:02:24:51 -0400] "HEAD /sitemap.xml HTTP/1.1" 200 - "-" "Go-http-client/1.1"
190.109.67.22 - - [01/Jul/2026:02:24:51 -0400] "GET /.env.dist HTTP/1.1" 404 - "-" "Mozilla/5.0 (compatible; Googlebot/2.1; +http://www.google.com/bot.html)"
190.109.67.22 - - [01/Jul/2026:02:24:51 -0400] "GET /.env.old HTTP/1.1" 404 - "https://www.google.com/search?q=www.select.chemdry.ca.50-6-195-38.cpanel.site" "Mozilla/5.0 AppleWebKit/537.36 (KHTML, like Gecko; compatible; ChatGPT-User/1.0; +https://openai.com/bot)"
51.89.167.1 - - [01/Jul/2026:02:24:51 -0400] "GET /sitemap.xml HTTP/1.1" 200 372 "-" "Go-http-client/1.1"
51.89.167.1 - - [01/Jul/2026:02:24:51 -0400] "HEAD /temp.zip HTTP/1.1" 200 - "-" "Go-http-client/1.1"
51.89.167.1 - - [01/Jul/2026:02:24:52 -0400] "GET /wp/ HTTP/1.1" 200 805 "-" "Go-http-client/1.1"
190.109.67.22 - - [01/Jul/2026:02:24:52 -0400] "HEAD /.env.old HTTP/1.1" 404 - "https://www.google.com/search?q=select.chemdry.ca.50-6-195-38.cpanel.site" "Mozilla/5.0 (compatible; Googlebot/2.1; +http://www.google.com/bot.html)"
51.89.167.1 - - [01/Jul/2026:02:24:52 -0400] "HEAD /temp.zip HTTP/1.1" 200 - "-" "Go-http-client/1.1"
51.89.167.1 - - [01/Jul/2026:02:24:52 -0400] "GET /temp.zip HTTP/1.1" 200 1 "-" "Go-http-client/1.1"
51.89.167.1 - - [01/Jul/2026:02:24:52 -0400] "GET /wp/ HTTP/1.1" 200 805 "-" "Go-http-client/1.1"
51.89.167.1 - - [01/Jul/2026:02:24:52 -0400] "GET /wp/cgi-bin/ HTTP/1.1" 200 648 "-" "Go-http-client/1.1"
51.89.167.1 - - [01/Jul/2026:02:24:52 -0400] "GET /wp/cgi-bin/ HTTP/1.1" 200 648 "-" "Go-http-client/1.1"
51.89.167.1 - - [01/Jul/2026:02:24:52 -0400] "GET /temp.zip HTTP/1.1" 200 1 "-" "Go-http-client/1.1"
190.109.67.22 - - [01/Jul/2026:02:24:52 -0400] "GET /api/runtime-config.json HTTP/1.1" 428 11514 "-" "Mozilla/5.0 (Windows NT 10.0; Win64; x64; rv:137.0) Gecko/20100101 Firefox/137.0"
47.82.65.151 - - [01/Jul/2026:02:24:55 -0400] "GET /cdp_api_key.json HTTP/1.1" 428 11500 "-" "Mozilla/5.0 (Windows NT 10.0; Win64; x64) AppleWebKit/537.36 (KHTML, like Gecko) Chrome/136.0.0.0 Safari/537.36 (Silvy X Ran)"
47.82.65.151 - - [01/Jul/2026:02:24:57 -0400] "GET /app.js HTTP/1.1" 428 11480 "-" "Mozilla/5.0 (Windows NT 10.0; Win64; x64) AppleWebKit/537.36 (KHTML, like Gecko) Chrome/136.0.0.0 Safari/537.36 (Silvy X Ran)"
47.82.65.151 - - [01/Jul/2026:02:24:59 -0400] "GET /main.js HTTP/1.1" 428 11482 "-" "Mozilla/5.0 (Windows NT 10.0; Win64; x64) AppleWebKit/537.36 (KHTML, like Gecko) Chrome/136.0.0.0 Safari/537.36 (Silvy X Ran)"
47.82.65.151 - - [01/Jul/2026:02:25:01 -0400] "GET /index.js HTTP/1.1" 428 11484 "-" "Mozilla/5.0 (Windows NT 10.0; Win64; x64) AppleWebKit/537.36 (KHTML, like Gecko) Chrome/136.0.0.0 Safari/537.36 (Silvy X Ran)"
47.82.65.151 - - [01/Jul/2026:02:25:03 -0400] "GET /server.js HTTP/1.1" 428 11486 "-" "Mozilla/5.0 (Windows NT 10.0; Win64; x64) AppleWebKit/537.36 (KHTML, like Gecko) Chrome/136.0.0.0 Safari/537.36 (Silvy X Ran)"
47.82.65.151 - - [01/Jul/2026:02:25:04 -0400] "GET /bundle.js HTTP/1.1" 428 11486 "-" "Mozilla/5.0 (Windows NT 10.0; Win64; x64) AppleWebKit/537.36 (KHTML, like Gecko) Chrome/136.0.0.0 Safari/537.36 (Silvy X Ran)"
47.82.65.151 - - [01/Jul/2026:02:25:06 -0400] "GET /app.bundle.js HTTP/1.1" 428 11494 "-" "Mozilla/5.0 (Windows NT 10.0; Win64; x64) AppleWebKit/537.36 (KHTML, like Gecko) Chrome/136.0.0.0 Safari/537.36 (Silvy X Ran)"
47.82.65.151 - - [01/Jul/2026:02:25:08 -0400] "GET /main.bundle.js HTTP/1.1" 428 11496 "-" "Mozilla/5.0 (Windows NT 10.0; Win64; x64) AppleWebKit/537.36 (KHTML, like Gecko) Chrome/136.0.0.0 Safari/537.36 (Silvy X Ran)"
47.82.65.151 - - [01/Jul/2026:02:25:10 -0400] "GET /vendor.js HTTP/1.1" 428 11486 "-" "Mozilla/5.0 (Windows NT 10.0; Win64; x64) AppleWebKit/537.36 (KHTML, like Gecko) Chrome/136.0.0.0 Safari/537.36 (Silvy X Ran)"
47.82.65.151 - - [01/Jul/2026:02:25:12 -0400] "GET /chunk.js HTTP/1.1" 428 11484 "-" "Mozilla/5.0 (Windows NT 10.0; Win64; x64) AppleWebKit/537.36 (KHTML, like Gecko) Chrome/136.0.0.0 Safari/537.36 (Silvy X Ran)"
47.82.65.151 - - [01/Jul/2026:02:25:13 -0400] "GET /static/js/main.js HTTP/1.1" 428 11502 "-" "Mozilla/5.0 (Windows NT 10.0; Win64; x64) AppleWebKit/537.36 (KHTML, like Gecko) Chrome/136.0.0.0 Safari/537.36 (Silvy X Ran)"
143.244.47.86 - - [01/Jul/2026:02:25:14 -0400] "HEAD / HTTP/1.1" 428 - "-" "Mozilla/5.0 (Windows NT 10.0; Win64; x64) AppleWebKit/537.36 (KHTML, like Gecko) Chrome/58.0.3029.110 Safari/537.3"
143.244.47.86 - - [01/Jul/2026:02:25:15 -0400] "HEAD / HTTP/1.1" 428 - "-" "Mozilla/5.0 (Windows NT 10.0; Win64; x64) AppleWebKit/537.36 (KHTML, like Gecko) Chrome/58.0.3029.110 Safari/537.3"
47.82.65.151 - - [01/Jul/2026:02:25:15 -0400] "GET /static/js/app.js HTTP/1.1" 428 11500 "-" "Mozilla/5.0 (Windows NT 10.0; Win64; x64) AppleWebKit/537.36 (KHTML, like Gecko) Chrome/136.0.0.0 Safari/537.36 (Silvy X Ran)"
47.82.65.151 - - [01/Jul/2026:02:25:17 -0400] "GET /static/js/bundle.js HTTP/1.1" 428 11506 "-" "Mozilla/5.0 (Windows NT 10.0; Win64; x64) AppleWebKit/537.36 (KHTML, like Gecko) Chrome/136.0.0.0 Safari/537.36 (Silvy X Ran)"
47.82.65.151 - - [01/Jul/2026:02:25:19 -0400] "GET /dist/main.js HTTP/1.1" 428 11492 "-" "Mozilla/5.0 (Windows NT 10.0; Win64; x64) AppleWebKit/537.36 (KHTML, like Gecko) Chrome/136.0.0.0 Safari/537.36 (Silvy X Ran)"
47.82.65.151 - - [01/Jul/2026:02:25:20 -0400] "GET /dist/app.js HTTP/1.1" 428 11490 "-" "Mozilla/5.0 (Windows NT 10.0; Win64; x64) AppleWebKit/537.36 (KHTML, like Gecko) Chrome/136.0.0.0 Safari/537.36 (Silvy X Ran)"
47.82.65.151 - - [01/Jul/2026:02:25:22 -0400] "GET /dist/bundle.js HTTP/1.1" 428 11496 "-" "Mozilla/5.0 (Windows NT 10.0; Win64; x64) AppleWebKit/537.36 (KHTML, like Gecko) Chrome/136.0.0.0 Safari/537.36 (Silvy X Ran)"
47.82.65.151 - - [01/Jul/2026:02:25:24 -0400] "GET /build/static/js/main.js HTTP/1.1" 428 11514 "-" "Mozilla/5.0 (Windows NT 10.0; Win64; x64) AppleWebKit/537.36 (KHTML, like Gecko) Chrome/136.0.0.0 Safari/537.36 (Silvy X Ran)"
47.82.65.151 - - [01/Jul/2026:02:25:26 -0400] "GET /assets/index.js HTTP/1.1" 428 11498 "-" "Mozilla/5.0 (Windows NT 10.0; Win64; x64) AppleWebKit/537.36 (KHTML, like Gecko) Chrome/136.0.0.0 Safari/537.36 (Silvy X Ran)"
47.82.65.151 - - [01/Jul/2026:02:25:27 -0400] "GET /assets/app.js HTTP/1.1" 428 11494 "-" "Mozilla/5.0 (Windows NT 10.0; Win64; x64) AppleWebKit/537.36 (KHTML, like Gecko) Chrome/136.0.0.0 Safari/537.36 (Silvy X Ran)"
47.82.65.151 - - [01/Jul/2026:02:25:29 -0400] "GET /js/app.js HTTP/1.1" 428 11486 "-" "Mozilla/5.0 (Windows NT 10.0; Win64; x64) AppleWebKit/537.36 (KHTML, like Gecko) Chrome/136.0.0.0 Safari/537.36 (Silvy X Ran)"
47.82.65.151 - - [01/Jul/2026:02:25:31 -0400] "GET /js/main.js HTTP/1.1" 428 11488 "-" "Mozilla/5.0 (Windows NT 10.0; Win64; x64) AppleWebKit/537.36 (KHTML, like Gecko) Chrome/136.0.0.0 Safari/537.36 (Silvy X Ran)"
47.82.65.151 - - [01/Jul/2026:02:25:32 -0400] "GET /settings.py HTTP/1.1" 428 11490 "-" "Mozilla/5.0 (Windows NT 10.0; Win64; x64) AppleWebKit/537.36 (KHTML, like Gecko) Chrome/136.0.0.0 Safari/537.36 (Silvy X Ran)"
47.82.65.151 - - [01/Jul/2026:02:25:34 -0400] "GET /config.py HTTP/1.1" 428 11486 "-" "Mozilla/5.0 (Windows NT 10.0; Win64; x64) AppleWebKit/537.36 (KHTML, like Gecko) Chrome/136.0.0.0 Safari/537.36 (Silvy X Ran)"
47.82.65.151 - - [01/Jul/2026:02:25:36 -0400] "GET /secrets.py HTTP/1.1" 428 11488 "-" "Mozilla/5.0 (Windows NT 10.0; Win64; x64) AppleWebKit/537.36 (KHTML, like Gecko) Chrome/136.0.0.0 Safari/537.36 (Silvy X Ran)"
47.82.65.151 - - [01/Jul/2026:02:25:38 -0400] "GET /config/secrets.yml HTTP/1.1" 428 11504 "-" "Mozilla/5.0 (Windows NT 10.0; Win64; x64) AppleWebKit/537.36 (KHTML, like Gecko) Chrome/136.0.0.0 Safari/537.36 (Silvy X Ran)"
47.82.65.151 - - [01/Jul/2026:02:25:39 -0400] "GET /config/master.key HTTP/1.1" 428 11502 "-" "Mozilla/5.0 (Windows NT 10.0; Win64; x64) AppleWebKit/537.36 (KHTML, like Gecko) Chrome/136.0.0.0 Safari/537.36 (Silvy X Ran)"
47.82.65.151 - - [01/Jul/2026:02:25:41 -0400] "GET /wp-config.php.bak HTTP/1.1" 428 11502 "-" "Mozilla/5.0 (Windows NT 10.0; Win64; x64) AppleWebKit/537.36 (KHTML, like Gecko) Chrome/136.0.0.0 Safari/537.36 (Silvy X Ran)"
47.82.65.151 - - [01/Jul/2026:02:25:43 -0400] "GET /wp-config.php.old HTTP/1.1" 428 11502 "-" "Mozilla/5.0 (Windows NT 10.0; Win64; x64) AppleWebKit/537.36 (KHTML, like Gecko) Chrome/136.0.0.0 Safari/537.36 (Silvy X Ran)"
47.82.65.151 - - [01/Jul/2026:02:25:45 -0400] "GET /wp-config.php.save HTTP/1.1" 428 11504 "-" "Mozilla/5.0 (Windows NT 10.0; Win64; x64) AppleWebKit/537.36 (KHTML, like Gecko) Chrome/136.0.0.0 Safari/537.36 (Silvy X Ran)"
47.82.65.151 - - [01/Jul/2026:02:25:46 -0400] "GET /wp-config.php.txt HTTP/1.1" 428 11502 "-" "Mozilla/5.0 (Windows NT 10.0; Win64; x64) AppleWebKit/537.36 (KHTML, like Gecko) Chrome/136.0.0.0 Safari/537.36 (Silvy X Ran)"
47.82.65.151 - - [01/Jul/2026:02:25:48 -0400] "GET /wp-config.php~ HTTP/1.1" 428 11496 "-" "Mozilla/5.0 (Windows NT 10.0; Win64; x64) AppleWebKit/537.36 (KHTML, like Gecko) Chrome/136.0.0.0 Safari/537.36 (Silvy X Ran)"
47.82.65.151 - - [01/Jul/2026:02:25:50 -0400] "GET /config/app.php HTTP/1.1" 428 11496 "-" "Mozilla/5.0 (Windows NT 10.0; Win64; x64) AppleWebKit/537.36 (KHTML, like Gecko) Chrome/136.0.0.0 Safari/537.36 (Silvy X Ran)"
47.82.65.151 - - [01/Jul/2026:02:25:52 -0400] "GET /application.properties HTTP/1.1" 428 11512 "-" "Mozilla/5.0 (Windows NT 10.0; Win64; x64) AppleWebKit/537.36 (KHTML, like Gecko) Chrome/136.0.0.0 Safari/537.36 (Silvy X Ran)"
47.82.65.151 - - [01/Jul/2026:02:25:53 -0400] "GET /application.yml HTTP/1.1" 428 11498 "-" "Mozilla/5.0 (Windows NT 10.0; Win64; x64) AppleWebKit/537.36 (KHTML, like Gecko) Chrome/136.0.0.0 Safari/537.36 (Silvy X Ran)"
47.82.65.151 - - [01/Jul/2026:02:25:55 -0400] "GET /application.yaml HTTP/1.1" 428 11500 "-" "Mozilla/5.0 (Windows NT 10.0; Win64; x64) AppleWebKit/537.36 (KHTML, like Gecko) Chrome/136.0.0.0 Safari/537.36 (Silvy X Ran)"
47.82.65.151 - - [01/Jul/2026:02:25:57 -0400] "GET /application-dev.properties HTTP/1.1" 428 11520 "-" "Mozilla/5.0 (Windows NT 10.0; Win64; x64) AppleWebKit/537.36 (KHTML, like Gecko) Chrome/136.0.0.0 Safari/537.36 (Silvy X Ran)"
47.82.65.151 - - [01/Jul/2026:02:25:59 -0400] "GET /application-prod.properties HTTP/1.1" 428 11522 "-" "Mozilla/5.0 (Windows NT 10.0; Win64; x64) AppleWebKit/537.36 (KHTML, like Gecko) Chrome/136.0.0.0 Safari/537.36 (Silvy X Ran)"
47.82.65.151 - - [01/Jul/2026:02:26:00 -0400] "GET /appsettings.json HTTP/1.1" 428 11500 "-" "Mozilla/5.0 (Windows NT 10.0; Win64; x64) AppleWebKit/537.36 (KHTML, like Gecko) Chrome/136.0.0.0 Safari/537.36 (Silvy X Ran)"
47.82.65.151 - - [01/Jul/2026:02:26:02 -0400] "GET /appsettings.Development.json HTTP/1.1" 428 11524 "-" "Mozilla/5.0 (Windows NT 10.0; Win64; x64) AppleWebKit/537.36 (KHTML, like Gecko) Chrome/136.0.0.0 Safari/537.36 (Silvy X Ran)"
47.82.65.151 - - [01/Jul/2026:02:26:04 -0400] "GET /appsettings.Production.json HTTP/1.1" 428 11522 "-" "Mozilla/5.0 (Windows NT 10.0; Win64; x64) AppleWebKit/537.36 (KHTML, like Gecko) Chrome/136.0.0.0 Safari/537.36 (Silvy X Ran)"
47.82.65.151 - - [01/Jul/2026:02:26:06 -0400] "GET /config.yaml HTTP/1.1" 428 11490 "-" "Mozilla/5.0 (Windows NT 10.0; Win64; x64) AppleWebKit/537.36 (KHTML, like Gecko) Chrome/136.0.0.0 Safari/537.36 (Silvy X Ran)"
52.11.171.106 - - [01/Jul/2026:02:26:07 -0400] "GET / HTTP/1.1" 428 11460 "-" "Mozilla/5.0 (Windows NT 10.0; Win64; x64; rv:128.0) Gecko/20100101 Firefox/128.0"
52.11.171.106 - - [01/Jul/2026:02:26:07 -0400] "GET / HTTP/1.1" 428 11460 "-" "Mozilla/5.0 (Windows NT 10.0; Win64; x64; rv:128.0) Gecko/20100101 Firefox/128.0"
47.82.65.151 - - [01/Jul/2026:02:26:07 -0400] "GET /config.yml HTTP/1.1" 428 11488 "-" "Mozilla/5.0 (Windows NT 10.0; Win64; x64) AppleWebKit/537.36 (KHTML, like Gecko) Chrome/136.0.0.0 Safari/537.36 (Silvy X Ran)"
47.82.65.151 - - [01/Jul/2026:02:26:09 -0400] "GET /config.toml HTTP/1.1" 428 11490 "-" "Mozilla/5.0 (Windows NT 10.0; Win64; x64) AppleWebKit/537.36 (KHTML, like Gecko) Chrome/136.0.0.0 Safari/537.36 (Silvy X Ran)"
47.82.65.151 - - [01/Jul/2026:02:26:11 -0400] "GET /serverless.yml HTTP/1.1" 428 11496 "-" "Mozilla/5.0 (Windows NT 10.0; Win64; x64) AppleWebKit/537.36 (KHTML, like Gecko) Chrome/136.0.0.0 Safari/537.36 (Silvy X Ran)"
47.82.65.151 - - [01/Jul/2026:02:26:13 -0400] "GET /serverless.yaml HTTP/1.1" 428 11498 "-" "Mozilla/5.0 (Windows NT 10.0; Win64; x64) AppleWebKit/537.36 (KHTML, like Gecko) Chrome/136.0.0.0 Safari/537.36 (Silvy X Ran)"
47.82.65.151 - - [01/Jul/2026:02:26:14 -0400] "GET /config/production.json HTTP/1.1" 428 11512 "-" "Mozilla/5.0 (Windows NT 10.0; Win64; x64) AppleWebKit/537.36 (KHTML, like Gecko) Chrome/136.0.0.0 Safari/537.36 (Silvy X Ran)"
47.82.65.151 - - [01/Jul/2026:02:26:16 -0400] "GET /config/development.json HTTP/1.1" 428 11514 "-" "Mozilla/5.0 (Windows NT 10.0; Win64; x64) AppleWebKit/537.36 (KHTML, like Gecko) Chrome/136.0.0.0 Safari/537.36 (Silvy X Ran)"
47.82.65.151 - - [01/Jul/2026:02:26:18 -0400] "GET /config/default.json HTTP/1.1" 428 11506 "-" "Mozilla/5.0 (Windows NT 10.0; Win64; x64) AppleWebKit/537.36 (KHTML, like Gecko) Chrome/136.0.0.0 Safari/537.36 (Silvy X Ran)"
47.82.65.151 - - [01/Jul/2026:02:26:19 -0400] "GET /config/local.json HTTP/1.1" 428 11502 "-" "Mozilla/5.0 (Windows NT 10.0; Win64; x64) AppleWebKit/537.36 (KHTML, like Gecko) Chrome/136.0.0.0 Safari/537.36 (Silvy X Ran)"
47.82.65.151 - - [01/Jul/2026:02:26:21 -0400] "GET /conf/settings.json HTTP/1.1" 428 11504 "-" "Mozilla/5.0 (Windows NT 10.0; Win64; x64) AppleWebKit/537.36 (KHTML, like Gecko) Chrome/136.0.0.0 Safari/537.36 (Silvy X Ran)"
47.82.65.151 - - [01/Jul/2026:02:26:23 -0400] "GET /data/config.json HTTP/1.1" 428 11500 "-" "Mozilla/5.0 (Windows NT 10.0; Win64; x64) AppleWebKit/537.36 (KHTML, like Gecko) Chrome/136.0.0.0 Safari/537.36 (Silvy X Ran)"
47.82.65.151 - - [01/Jul/2026:02:26:25 -0400] "GET /actuator/env HTTP/1.1" 428 11492 "-" "Mozilla/5.0 (Windows NT 10.0; Win64; x64) AppleWebKit/537.36 (KHTML, like Gecko) Chrome/136.0.0.0 Safari/537.36 (Silvy X Ran)"
47.82.65.151 - - [01/Jul/2026:02:26:27 -0400] "GET /actuator/configprops HTTP/1.1" 428 11508 "-" "Mozilla/5.0 (Windows NT 10.0; Win64; x64) AppleWebKit/537.36 (KHTML, like Gecko) Chrome/136.0.0.0 Safari/537.36 (Silvy X Ran)"
47.82.65.151 - - [01/Jul/2026:02:26:28 -0400] "GET /api/config HTTP/1.1" 428 11488 "-" "Mozilla/5.0 (Windows NT 10.0; Win64; x64) AppleWebKit/537.36 (KHTML, like Gecko) Chrome/136.0.0.0 Safari/537.36 (Silvy X Ran)"
47.82.65.151 - - [01/Jul/2026:02:26:30 -0400] "GET /api/settings HTTP/1.1" 428 11492 "-" "Mozilla/5.0 (Windows NT 10.0; Win64; x64) AppleWebKit/537.36 (KHTML, like Gecko) Chrome/136.0.0.0 Safari/537.36 (Silvy X Ran)"
47.82.65.151 - - [01/Jul/2026:02:26:32 -0400] "GET /api/env HTTP/1.1" 428 11482 "-" "Mozilla/5.0 (Windows NT 10.0; Win64; x64) AppleWebKit/537.36 (KHTML, like Gecko) Chrome/136.0.0.0 Safari/537.36 (Silvy X Ran)"
47.82.65.151 - - [01/Jul/2026:02:26:33 -0400] "GET /backup/.env HTTP/1.1" 428 11490 "-" "Mozilla/5.0 (Windows NT 10.0; Win64; x64) AppleWebKit/537.36 (KHTML, like Gecko) Chrome/136.0.0.0 Safari/537.36 (Silvy X Ran)"
47.82.65.151 - - [01/Jul/2026:02:26:35 -0400] "GET /backups/.env HTTP/1.1" 428 11492 "-" "Mozilla/5.0 (Windows NT 10.0; Win64; x64) AppleWebKit/537.36 (KHTML, like Gecko) Chrome/136.0.0.0 Safari/537.36 (Silvy X Ran)"
47.82.65.151 - - [01/Jul/2026:02:26:37 -0400] "GET /old/.env HTTP/1.1" 428 11484 "-" "Mozilla/5.0 (Windows NT 10.0; Win64; x64) AppleWebKit/537.36 (KHTML, like Gecko) Chrome/136.0.0.0 Safari/537.36 (Silvy X Ran)"
47.82.65.151 - - [01/Jul/2026:02:26:39 -0400] "GET /temp/.env HTTP/1.1" 428 11486 "-" "Mozilla/5.0 (Windows NT 10.0; Win64; x64) AppleWebKit/537.36 (KHTML, like Gecko) Chrome/136.0.0.0 Safari/537.36 (Silvy X Ran)"
47.82.65.151 - - [01/Jul/2026:02:26:40 -0400] "GET /tmp/.env HTTP/1.1" 428 11484 "-" "Mozilla/5.0 (Windows NT 10.0; Win64; x64) AppleWebKit/537.36 (KHTML, like Gecko) Chrome/136.0.0.0 Safari/537.36 (Silvy X Ran)"
47.82.65.151 - - [01/Jul/2026:02:26:42 -0400] "GET /.streamlit/secrets.toml HTTP/1.1" 428 11514 "-" "Mozilla/5.0 (Windows NT 10.0; Win64; x64) AppleWebKit/537.36 (KHTML, like Gecko) Chrome/136.0.0.0 Safari/537.36 (Silvy X Ran)"
47.82.65.151 - - [01/Jul/2026:02:26:44 -0400] "GET /root/.streamlit/secrets.toml HTTP/1.1" 428 11524 "-" "Mozilla/5.0 (Windows NT 10.0; Win64; x64) AppleWebKit/537.36 (KHTML, like Gecko) Chrome/136.0.0.0 Safari/537.36 (Silvy X Ran)"
47.82.65.151 - - [01/Jul/2026:02:26:45 -0400] "GET /root/.aws/credentials HTTP/1.1" 428 11510 "-" "Mozilla/5.0 (Windows NT 10.0; Win64; x64) AppleWebKit/537.36 (KHTML, like Gecko) Chrome/136.0.0.0 Safari/537.36 (Silvy X Ran)"
47.82.65.151 - - [01/Jul/2026:02:26:47 -0400] "GET /home/ubuntu/.aws/credentials HTTP/1.1" 428 11524 "-" "Mozilla/5.0 (Windows NT 10.0; Win64; x64) AppleWebKit/537.36 (KHTML, like Gecko) Chrome/136.0.0.0 Safari/537.36 (Silvy X Ran)"
47.82.65.151 - - [01/Jul/2026:02:26:49 -0400] "GET /home/ec2-user/.aws/credentials HTTP/1.1" 428 11528 "-" "Mozilla/5.0 (Windows NT 10.0; Win64; x64) AppleWebKit/537.36 (KHTML, like Gecko) Chrome/136.0.0.0 Safari/537.36 (Silvy X Ran)"
47.82.65.151 - - [01/Jul/2026:02:26:51 -0400] "GET /home/node/.aws/credentials HTTP/1.1" 428 11520 "-" "Mozilla/5.0 (Windows NT 10.0; Win64; x64) AppleWebKit/537.36 (KHTML, like Gecko) Chrome/136.0.0.0 Safari/537.36 (Silvy X Ran)"
47.82.65.151 - - [01/Jul/2026:02:26:52 -0400] "GET /terraform.tfvars HTTP/1.1" 428 11500 "-" "Mozilla/5.0 (Windows NT 10.0; Win64; x64) AppleWebKit/537.36 (KHTML, like Gecko) Chrome/136.0.0.0 Safari/537.36 (Silvy X Ran)"
47.82.65.151 - - [01/Jul/2026:02:26:54 -0400] "GET /terraform.tfstate HTTP/1.1" 428 11502 "-" "Mozilla/5.0 (Windows NT 10.0; Win64; x64) AppleWebKit/537.36 (KHTML, like Gecko) Chrome/136.0.0.0 Safari/537.36 (Silvy X Ran)"
47.82.65.151 - - [01/Jul/2026:02:26:56 -0400] "GET /ecosystem.config.js HTTP/1.1" 428 11506 "-" "Mozilla/5.0 (Windows NT 10.0; Win64; x64) AppleWebKit/537.36 (KHTML, like Gecko) Chrome/136.0.0.0 Safari/537.36 (Silvy X Ran)"
47.82.65.151 - - [01/Jul/2026:02:26:58 -0400] "GET /secrets.yaml HTTP/1.1" 428 11492 "-" "Mozilla/5.0 (Windows NT 10.0; Win64; x64) AppleWebKit/537.36 (KHTML, like Gecko) Chrome/136.0.0.0 Safari/537.36 (Silvy X Ran)"
47.82.65.151 - - [01/Jul/2026:02:26:59 -0400] "GET /secrets.yml HTTP/1.1" 428 11490 "-" "Mozilla/5.0 (Windows NT 10.0; Win64; x64) AppleWebKit/537.36 (KHTML, like Gecko) Chrome/136.0.0.0 Safari/537.36 (Silvy X Ran)"
47.82.65.151 - - [01/Jul/2026:02:27:01 -0400] "GET /.secrets HTTP/1.1" 428 11484 "-" "Mozilla/5.0 (Windows NT 10.0; Win64; x64) AppleWebKit/537.36 (KHTML, like Gecko) Chrome/136.0.0.0 Safari/537.36 (Silvy X Ran)"
47.82.65.151 - - [01/Jul/2026:02:27:03 -0400] "GET /.env.vault HTTP/1.1" 428 11488 "-" "Mozilla/5.0 (Windows NT 10.0; Win64; x64) AppleWebKit/537.36 (KHTML, like Gecko) Chrome/136.0.0.0 Safari/537.36 (Silvy X Ran)"
47.82.65.151 - - [01/Jul/2026:02:27:05 -0400] "GET /.aws/credentials HTTP/1.1" 428 11500 "-" "Mozilla/5.0 (Windows NT 10.0; Win64; x64) AppleWebKit/537.36 (KHTML, like Gecko) Chrome/136.0.0.0 Safari/537.36 (Silvy X Ran)"
47.82.65.151 - - [01/Jul/2026:02:27:07 -0400] "GET /.aws/config HTTP/1.1" 428 11490 "-" "Mozilla/5.0 (Windows NT 10.0; Win64; x64) AppleWebKit/537.36 (KHTML, like Gecko) Chrome/136.0.0.0 Safari/537.36 (Silvy X Ran)"
47.82.65.151 - - [01/Jul/2026:02:27:08 -0400] "GET /.docker/config.json HTTP/1.1" 428 11506 "-" "Mozilla/5.0 (Windows NT 10.0; Win64; x64) AppleWebKit/537.36 (KHTML, like Gecko) Chrome/136.0.0.0 Safari/537.36 (Silvy X Ran)"
47.82.65.151 - - [01/Jul/2026:02:27:10 -0400] "GET /storage/framework/.env HTTP/1.1" 428 11512 "-" "Mozilla/5.0 (Windows NT 10.0; Win64; x64) AppleWebKit/537.36 (KHTML, like Gecko) Chrome/136.0.0.0 Safari/537.36 (Silvy X Ran)"
47.82.65.151 - - [01/Jul/2026:02:27:12 -0400] "GET /laravel/.env HTTP/1.1" 428 11492 "-" "Mozilla/5.0 (Windows NT 10.0; Win64; x64) AppleWebKit/537.36 (KHTML, like Gecko) Chrome/136.0.0.0 Safari/537.36 (Silvy X Ran)"
47.82.65.151 - - [01/Jul/2026:02:27:14 -0400] "GET /debug/vars HTTP/1.1" 428 11488 "-" "Mozilla/5.0 (Windows NT 10.0; Win64; x64) AppleWebKit/537.36 (KHTML, like Gecko) Chrome/136.0.0.0 Safari/537.36 (Silvy X Ran)"
47.82.65.151 - - [01/Jul/2026:02:27:15 -0400] "GET /.gcp/credentials.json HTTP/1.1" 428 11510 "-" "Mozilla/5.0 (Windows NT 10.0; Win64; x64) AppleWebKit/537.36 (KHTML, like Gecko) Chrome/136.0.0.0 Safari/537.36 (Silvy X Ran)"
47.82.65.151 - - [01/Jul/2026:02:27:17 -0400] "GET /.gcp/service-account.json HTTP/1.1" 428 11518 "-" "Mozilla/5.0 (Windows NT 10.0; Win64; x64) AppleWebKit/537.36 (KHTML, like Gecko) Chrome/136.0.0.0 Safari/537.36 (Silvy X Ran)"
47.82.65.151 - - [01/Jul/2026:02:27:19 -0400] "GET /gcp-credentials.json HTTP/1.1" 428 11508 "-" "Mozilla/5.0 (Windows NT 10.0; Win64; x64) AppleWebKit/537.36 (KHTML, like Gecko) Chrome/136.0.0.0 Safari/537.36 (Silvy X Ran)"
47.82.65.151 - - [01/Jul/2026:02:27:20 -0400] "GET /gcp-service-account.json HTTP/1.1" 428 11516 "-" "Mozilla/5.0 (Windows NT 10.0; Win64; x64) AppleWebKit/537.36 (KHTML, like Gecko) Chrome/136.0.0.0 Safari/537.36 (Silvy X Ran)"
47.82.65.151 - - [01/Jul/2026:02:27:22 -0400] "GET /service-account.json HTTP/1.1" 428 11508 "-" "Mozilla/5.0 (Windows NT 10.0; Win64; x64) AppleWebKit/537.36 (KHTML, like Gecko) Chrome/136.0.0.0 Safari/537.36 (Silvy X Ran)"
47.82.65.151 - - [01/Jul/2026:02:27:24 -0400] "GET /google-credentials.json HTTP/1.1" 428 11514 "-" "Mozilla/5.0 (Windows NT 10.0; Win64; x64) AppleWebKit/537.36 (KHTML, like Gecko) Chrome/136.0.0.0 Safari/537.36 (Silvy X Ran)"
47.82.65.151 - - [01/Jul/2026:02:27:26 -0400] "GET /google-cloud-key.json HTTP/1.1" 428 11510 "-" "Mozilla/5.0 (Windows NT 10.0; Win64; x64) AppleWebKit/537.36 (KHTML, like Gecko) Chrome/136.0.0.0 Safari/537.36 (Silvy X Ran)"
47.82.65.151 - - [01/Jul/2026:02:27:27 -0400] "GET /firebase-adminsdk.json HTTP/1.1" 428 11512 "-" "Mozilla/5.0 (Windows NT 10.0; Win64; x64) AppleWebKit/537.36 (KHTML, like Gecko) Chrome/136.0.0.0 Safari/537.36 (Silvy X Ran)"
47.82.65.151 - - [01/Jul/2026:02:27:29 -0400] "GET /firebase-credentials.json HTTP/1.1" 428 11518 "-" "Mozilla/5.0 (Windows NT 10.0; Win64; x64) AppleWebKit/537.36 (KHTML, like Gecko) Chrome/136.0.0.0 Safari/537.36 (Silvy X Ran)"
47.82.65.151 - - [01/Jul/2026:02:27:31 -0400] "GET /root/.config/gcloud/application_default_credentials.json HTTP/1.1" 428 11580 "-" "Mozilla/5.0 (Windows NT 10.0; Win64; x64) AppleWebKit/537.36 (KHTML, like Gecko) Chrome/136.0.0.0 Safari/537.36 (Silvy X Ran)"
47.82.65.151 - - [01/Jul/2026:02:27:33 -0400] "GET /root/.config/gcloud/credentials.db HTTP/1.1" 428 11536 "-" "Mozilla/5.0 (Windows NT 10.0; Win64; x64) AppleWebKit/537.36 (KHTML, like Gecko) Chrome/136.0.0.0 Safari/537.36 (Silvy X Ran)"
47.82.65.151 - - [01/Jul/2026:02:27:34 -0400] "GET /home/ubuntu/.config/gcloud/application_default_credentials.json HTTP/1.1" 428 11594 "-" "Mozilla/5.0 (Windows NT 10.0; Win64; x64) AppleWebKit/537.36 (KHTML, like Gecko) Chrome/136.0.0.0 Safari/537.36 (Silvy X Ran)"
47.82.65.151 - - [01/Jul/2026:02:27:36 -0400] "GET /home/node/.config/gcloud/application_default_credentials.json HTTP/1.1" 428 11590 "-" "Mozilla/5.0 (Windows NT 10.0; Win64; x64) AppleWebKit/537.36 (KHTML, like Gecko) Chrome/136.0.0.0 Safari/537.36 (Silvy X Ran)"
47.82.65.151 - - [01/Jul/2026:02:27:38 -0400] "GET /app/credentials.json HTTP/1.1" 428 11508 "-" "Mozilla/5.0 (Windows NT 10.0; Win64; x64) AppleWebKit/537.36 (KHTML, like Gecko) Chrome/136.0.0.0 Safari/537.36 (Silvy X Ran)"
47.82.65.151 - - [01/Jul/2026:02:27:40 -0400] "GET /app/service-account.json HTTP/1.1" 428 11516 "-" "Mozilla/5.0 (Windows NT 10.0; Win64; x64) AppleWebKit/537.36 (KHTML, like Gecko) Chrome/136.0.0.0 Safari/537.36 (Silvy X Ran)"
47.82.65.151 - - [01/Jul/2026:02:27:41 -0400] "GET /config/gcp.json HTTP/1.1" 428 11498 "-" "Mozilla/5.0 (Windows NT 10.0; Win64; x64) AppleWebKit/537.36 (KHTML, like Gecko) Chrome/136.0.0.0 Safari/537.36 (Silvy X Ran)"
47.82.65.151 - - [01/Jul/2026:02:27:43 -0400] "GET /root/.config/hcloud/cli.toml HTTP/1.1" 428 11524 "-" "Mozilla/5.0 (Windows NT 10.0; Win64; x64) AppleWebKit/537.36 (KHTML, like Gecko) Chrome/136.0.0.0 Safari/537.36 (Silvy X Ran)"
47.82.65.151 - - [01/Jul/2026:02:27:45 -0400] "GET /home/ubuntu/.config/hcloud/cli.toml HTTP/1.1" 428 11538 "-" "Mozilla/5.0 (Windows NT 10.0; Win64; x64) AppleWebKit/537.36 (KHTML, like Gecko) Chrome/136.0.0.0 Safari/537.36 (Silvy X Ran)"
47.82.65.151 - - [01/Jul/2026:02:27:47 -0400] "GET /.hcloud.toml HTTP/1.1" 428 11492 "-" "Mozilla/5.0 (Windows NT 10.0; Win64; x64) AppleWebKit/537.36 (KHTML, like Gecko) Chrome/136.0.0.0 Safari/537.36 (Silvy X Ran)"
47.82.65.151 - - [01/Jul/2026:02:27:48 -0400] "GET /hcloud.yml HTTP/1.1" 428 11488 "-" "Mozilla/5.0 (Windows NT 10.0; Win64; x64) AppleWebKit/537.36 (KHTML, like Gecko) Chrome/136.0.0.0 Safari/537.36 (Silvy X Ran)"
47.82.65.151 - - [01/Jul/2026:02:27:50 -0400] "GET /root/.config/linode-cli HTTP/1.1" 428 11514 "-" "Mozilla/5.0 (Windows NT 10.0; Win64; x64) AppleWebKit/537.36 (KHTML, like Gecko) Chrome/136.0.0.0 Safari/537.36 (Silvy X Ran)"
47.82.65.151 - - [01/Jul/2026:02:27:52 -0400] "GET /home/ubuntu/.config/linode-cli HTTP/1.1" 428 11528 "-" "Mozilla/5.0 (Windows NT 10.0; Win64; x64) AppleWebKit/537.36 (KHTML, like Gecko) Chrome/136.0.0.0 Safari/537.36 (Silvy X Ran)"
47.82.65.151 - - [01/Jul/2026:02:27:54 -0400] "GET /.linode-cli HTTP/1.1" 428 11490 "-" "Mozilla/5.0 (Windows NT 10.0; Win64; x64) AppleWebKit/537.36 (KHTML, like Gecko) Chrome/136.0.0.0 Safari/537.36 (Silvy X Ran)"
47.82.65.151 - - [01/Jul/2026:02:27:55 -0400] "GET /root/.vultr-cli.yaml HTTP/1.1" 428 11508 "-" "Mozilla/5.0 (Windows NT 10.0; Win64; x64) AppleWebKit/537.36 (KHTML, like Gecko) Chrome/136.0.0.0 Safari/537.36 (Silvy X Ran)"
47.82.65.151 - - [01/Jul/2026:02:27:57 -0400] "GET /home/ubuntu/.vultr-cli.yaml HTTP/1.1" 428 11522 "-" "Mozilla/5.0 (Windows NT 10.0; Win64; x64) AppleWebKit/537.36 (KHTML, like Gecko) Chrome/136.0.0.0 Safari/537.36 (Silvy X Ran)"
47.82.65.151 - - [01/Jul/2026:02:27:59 -0400] "GET /.vultr-cli.yaml HTTP/1.1" 428 11498 "-" "Mozilla/5.0 (Windows NT 10.0; Win64; x64) AppleWebKit/537.36 (KHTML, like Gecko) Chrome/136.0.0.0 Safari/537.36 (Silvy X Ran)"
189.85.88.20 - - [01/Jul/2026:02:28:29 -0400] "GET / HTTP/1.1" 428 11460 "-" "Mozilla/5.0 (Windows NT 10.0; Win64; x64) AppleWebKit/537.36 (KHTML, like Gecko) Chrome/131.0.0.0 Safari/537.36"
202.78.167.207 - - [01/Jul/2026:02:30:33 -0400] "GET / HTTP/1.1" 428 11460 "https://select.chemdry.ca.50-6-195-38.cpanel.site/" "Mozilla/5.0 (iPhone; CPU iPhone OS 17_5 like Mac OS X) AppleWebKit/605.1.15 (KHTML, like Gecko) Version/17.5 Mobile/15E148 Safari/604.1"
202.78.167.207 - - [01/Jul/2026:02:30:33 -0400] "GET / HTTP/1.1" 428 11468 "https://www.select.chemdry.ca.50-6-195-38.cpanel.site/" "Mozilla/5.0 (iPhone; CPU iPhone OS 17_5 like Mac OS X) AppleWebKit/605.1.15 (KHTML, like Gecko) Version/17.5 Mobile/15E148 Safari/604.1"
177.18.239.190 - - [01/Jul/2026:02:33:43 -0400] "GET / HTTP/1.1" 428 11468 "-" "Mozilla/5.0 (Windows NT 10.0; Win64; x64) AppleWebKit/537.36 (KHTML, like Gecko) Chrome/131.0.0.0 Safari/537.36"
34.244.90.91 - - [01/Jul/2026:02:38:34 -0400] "GET / HTTP/1.1" 428 11468 "-" "Mozilla/5.0 (X11; Linux x86_64) AppleWebKit/537.36 Chrome/120 Safari/537.36"
34.244.90.91 - - [01/Jul/2026:02:38:34 -0400] "GET / HTTP/1.1" 428 11460 "-" "Mozilla/5.0 (X11; Linux x86_64) AppleWebKit/537.36 Chrome/120 Safari/537.36"
45.88.138.44 - - [01/Jul/2026:02:45:26 -0400] "GET / HTTP/2.0" 428 11460 "-" "Mozilla/5.0 (Windows NT 10.0; Win64; x64) AppleWebKit/537.36 (KHTML, like Gecko) Chrome/131.0.0.0 Safari/537.36"
45.88.138.44 - - [01/Jul/2026:02:45:26 -0400] "GET / HTTP/2.0" 428 11468 "-" "Mozilla/5.0 (Windows NT 10.0; Win64; x64) AppleWebKit/537.36 (KHTML, like Gecko) Chrome/131.0.0.0 Safari/537.36"
45.88.138.44 - - [01/Jul/2026:02:45:27 -0400] "GET /zz-nonexistent-test-8492.html HTTP/2.0" 428 11526 "-" "Mozilla/5.0 (Macintosh; Intel Mac OS X 10_15_7) AppleWebKit/537.36 (KHTML, like Gecko) Chrome/130.0.0.0 Safari/537.36"
45.88.138.44 - - [01/Jul/2026:02:45:28 -0400] "GET /zz-nonexistent-test-8492.html HTTP/2.0" 428 11518 "-" "Mozilla/5.0 (Macintosh; Intel Mac OS X 10_15_7) AppleWebKit/537.36 (KHTML, like Gecko) Chrome/130.0.0.0 Safari/537.36"
45.88.138.44 - - [01/Jul/2026:02:45:29 -0400] "GET /wp-login.php HTTP/2.0" 428 11484 "-" "Mozilla/5.0 (X11; Linux x86_64) AppleWebKit/537.36 (KHTML, like Gecko) Chrome/124.0.0.0 Safari/537.36"
45.88.138.44 - - [01/Jul/2026:02:45:29 -0400] "GET /wp-login.php HTTP/2.0" 428 11492 "-" "Mozilla/5.0 (X11; Linux x86_64) AppleWebKit/537.36 (KHTML, like Gecko) Chrome/124.0.0.0 Safari/537.36"
